 2410343 (base 5) to base 4.
22312321
6214382 (base 9) to base 16
329b3a
Convert -2b766b (base 15) to base 10.
-2100701
-3600a (base 14) to base 6
-2453454
What is -100101211021222 (base 3) in base 8?
-23035724
-1200021440 (base 5) to base 16
-29befe
255e22 (base 15) to base 10
1791932
-102606563 (base 7) to base 11
-3499545
What is 1068636 (base 9) in base 5?
121432113
3030303230 (base 4) to base 16
cccec
b42d5 (base 15) to base 10
571025
Convert -18338b (base 16) to base 13.
-436bc7
Convert 31a027 (base 11) to base 6.
14542205
What is 2874a9 (base 11) in base 8?
1555176
Convert -737653 (base 13) to base 4.
-22103132023
What is -10212010120 (base 3) in base 13?
-28725
7a40b7 (base 13) to base 11
16a7005
Convert 274680 (base 10) to base 3.
111221210100
Convert -411406 (base 9) to base 15.
-4c396
Convert 211012020122 (base 3) to base 10.
436850
2530323 (base 6) to base 2
100001010000001011
-10000011111001101011 (base 2) to base 9
-1013086
-75831 (base 16) to base 2
-1110101100000110001
What is 3558464 (base 9) in base 8?
7266613
Convert -8a526 (base 14) to base 2.
-1010001111110100110
Convert 1101011000001010010001 (base 2) to base 8.
15301221
What is -1b394 (base 14) in base 4?
-100323012
What is 425b3 (base 15) in base 10?
210543
What is -95b450 (base 15) in base 9?
-14360433
2526705 (base 8) to base 5
134343340
-750b (base 13) to base 12
-948b
50363155 (base 7) to base 13
b36350
Convert -13d376 (base 15) to base 9.
-1716233
What is 20002102002 (base 3) in base 7?
1006301
What is -576877 (base 11) in base 7?
-10535554
Convert 14d6175 (base 14) to base 2.
100110111001100000001011
263722 (base 15) to base 10
1834232
-16027 (base 12) to base 6
-400051
Convert -79967 (base 13) to base 15.
-4588b
Convert 247157 (base 12) to base 9.
1103284
1101100100010111011 (base 2) to base 9
746783
-30010001 (base 4) to base 15
-e98e
What is 84560 (base 9) in base 8?
155067
103546653 (base 7) to base 14
b7a6d3
Convert 46794 (base 13) to base 11.
88798
-1475406 (base 12) to base 6
-224350410
Convert -211422 (base 7) to base 10.
-36570
Convert 27051355 (base 8) to base 10.
6050541
Convert -445747 (base 8) to base 13.
-53672
Convert -10100020010012 (base 3) to base 4.
-12301210322
Convert 8b06c (base 13) to base 4.
331231021
What is ab4695 (base 15) in base 16?
7c98ef
-1001223211 (base 4) to base 13
-955b7
11445255 (base 7) to base 5
230114002
212243020 (base 5) to base 10
899760
What is 411514 (base 7) in base 9?
116301
What is -11111111101111010 (base 2) in base 9?
-218546
-2671252 (base 8) to base 10
-750250
What is 98a17 (base 11) in base 8?
430435
What is 2665442 (base 10) in base 13?
7242b0
Convert 1b7c1ba (base 14) to base 4.
310130121120
Convert -391135 (base 11) to base 13.
-187754
-3307677 (base 10) to base 14
-6215c9
-342535 (base 6) to base 13
-10361
1021121202220 (base 3) to base 11
425a90
-101111110011101010100 (base 2) to base 13
-42b069
-31147221 (base 8) to base 6
-353333321
Convert -230504105 (base 6) to base 4.
-100022313221
5b3513 (base 12) to base 10
1478175
What is -1b3d7 (base 16) in base 6?
-2220315
What is -2160274 (base 10) in base 12?
-8821aa
What is 83355 (base 11) in base 13?
43427
Convert a616aa (base 12) to base 13.
707611
What is 12101220100 (base 3) in base 12?
51676
What is -2004203 (base 5) in base 8?
-76073
-451410 (base 6) to base 8
-112076
Convert -1634634 (base 8) to base 5.
-110123000
104510 (base 7) to base 8
43777
What is 1010010101111100111 (base 2) in base 11?
2116a9
What is -169aed (base 15) in base 16?
-10b925
Convert -1b460 (base 15) to base 12.
-43430
-87734 (base 15) to base 10
-430249
Convert -1609a1 (base 13) to base 6.
-15355543
101213044 (base 6) to base 15
246a31
What is 61413 (base 7) in base 4?
3221223
11234021 (base 5) to base 11
6aa19
-22110122022 (base 3) to base 9
-273568
-665666 (base 7) to base 13
-41516
1386873 (base 10) to base 3
2121110102200
Convert -2111202012212 (base 3) to base 8.
-5054373
Convert 2a6327 (base 15) to base 6.
111504014
Convert -120210102201000 (base 3) to base 9.
-16712630
What is 178eb (base 15) in base 2?
10010100111101111
Convert 10012433021 (base 5) to base 13.
208363b
What is 32c2132 (base 13) in base 8?
73312655
What is b27916 (base 14) in base 8?
26741700
Convert 62461606 (base 7) to base 12.
1917381
What is -2002100110202 (base 3) in base 2?
-100001110110010100001
1937206 (base 10) to base 13
52a99b
84391 (base 10) to base 6
1450411
Convert -3371970 (base 10) to base 12.
-1167456
Convert -5588789 (base 10) to base 2.
-10101010100011100110101
What is 30202023 (base 5) in base 7?
2022204
11352412 (base 6) to base 12
152708
Convert 455743 (base 13) to base 11.
a20341
765506 (base 10) to base 4
2322321002
Convert -73305 (base 16) to base 12.
-1a9059
1ba27 (base 15) to base 9
146451
Convert 16561 (base 14) to base 7.
322051
-952c63 (base 13) to base 15
-48e54a
What is -32334200 (base 5) in base 12?
-114669
1526117 (base 8) to base 11
279630
Convert 752a76 (base 12) to base 9.
3430350
What is 468209 (base 10) in base 7?
3660020
What is -31000300111 (base 4) in base 12?
-1185b31
Convert -9e235 (base 16) to base 7.
-5335302
-7d61b (base 14) to base 10
-305785
-32101120 (base 5) to base 6
-5432542
What is -2304210221 (base 5) in base 8?
-23505651
What is 1897013 (base 10) in base 13?
5155c1
Convert 2174 (base 16) to base 11.
6486
-747743 (base 10) to base 11
-470877
Convert -2211222211101 (base 3) to base 16.
-171fca
What is -111101110101101001010 (base 2) in base 4?
-13232231022
What is -1b415 (base 12) in base 2?
-1001110110010001
-650120 (base 10) to base 3
-1020000210112
Convert 21102343 (base 6) to base 12.
2579b3
Convert 21320314 (base 5) to base 13.
6514c
2a87af (base 16) to base 14
527a91
-185659 (base 11) to base 13
-a0011
7d016 (base 15) to base 12
172593
Convert 431504 (base 7) to base 11.
51403
Convert 23522060 (base 7) to base 10.
2089598
-1a73c (base 16) to base 11
-74449
Convert 165bb (base 13) to base 16.
a6f6
-86548 (base 10) to base 11
-5a030
What is 3a1990 (base 13) in base 8?
5264674
What is 2141540 (base 6) in base 10?
106692
Convert -21345 (base 15) to base 10.
-105365
-3504323 (base 6) to base 12
-880a3
What is 732548 (base 10) in base 3?
1101012212102
-1005672 (base 11) to base 6
-102044113
What is 22a744 (base 14) in base 3?
2020000111210
Convert -20133003331 (base 4) to base 9.
-4160244
Convert -165033535 (base 7) to base 14.
-1703155
What is -79927 (base 10) in base 6?
-1414011
Convert 3212cb (base 14) to base 8.
6353663
What is -a00261 (base 15) in base 12?
-2662a17
102020020211220 (base 3) to base 14
b153ad
What is 68b021 (base 12) in base 16?
199a59
What is -164788 (base 16) in base 4?
-11210132020
What is -5ccc64 (base 13) in base 7?
-24635445
863a (base 12) to base 5
432414
What is ac47 (base 14) in base 15?
8ca5
-20213104 (base 5) to base 10
-163529
Convert -13303023330 (base 4) to base 2.
-111110011001011111100
Convert -44c1c1 (base 13) to base 4.
-12030333322
What is -8480170 (base 11) in base 9?
-31081553
Convert -152de9 (base 16) to base 9.
-2544882
209798 (base 11) to base 13
b965c
What is -132111201 (base 5) in base 7?
-5416466
Convert -1273693 (base 10) to base 7.
-13553251
-3e9a7 (base 15) to base 4
-301021123
Convert -14ccef (base 16) to base 12.
-558a67
Convert -42c3 (base 14) to base 13.
-5338
What is -6d2248 (base 15) in base 7?
-62245310
1011212212 (base 3) to base 8
55313
What is -3a642 (base 14) in base 9?
-238373
100303120000 (base 4) to base 10
4404736
What is 200053 (base 7) in base 6?
415444
Convert 1729287 (base 11) to base 12.
b99830
What is -1a8bd8 (base 16) in base 4?
-12220233120
What is 21359c (base 14) in base 11?
6a8046
Convert 1111110101001 (base 3) to base 16.
c26b3
What is -6d056 (base 16) in base 10?
-446550
Convert 50012140 (base 6) to base 4.
11112021330
-62829 (base 11) to base 13
-32860
-1333000321 (base 4) to base 3
-222102122111
-1200022122102 (base 3) to base 12
-370285
-54002100 (base 6) to base 11
-994190
1110000111111100000 (base 2) to base 4
1300333200
What is -33157 (base 8) in base 12?
-8093
-13b270 (base 12) to base 7
-2544216
What is -109c7 (base 16) in base 11?
-47134
-132110533 (base 6) to base 8
-12001071
Convert -10111101011101000 (base 2) to base 15.
-1db1a
120221110201112 (base 3) to base 11
4